b - 4. Let i(j) = -j - 3. Let s(t) = 3*i(t) - 2*o(t). Suppose 3*c + 6 = 0, -z - c + 11 = -6*c. What is s(z)?
-8
Let j(v) = -v + 5. Let h = 3 - -3. Calculate j(h).
-1
Let k(n) = -n**2 - 3*n - 3. Let f(x) = x + 1. Let w(r) = -5*f(r) - 2*k(r). What is w(-1)?
2
Let d(c) = -16*c**3 + 15*c**2 + 30*c - 19. Let s(y) = -3*y**3 + 3*y**2 + 6*y - 4. Let j(t) = 2*d(t) - 11*s(t). Give j(4).
-2
Let t = -11 + 21. Let l = t - 6. Let c(d) = d**2 - 11 - 4*d + 7 - 2 + 1. Determine c(l).
-5
Let o(d) = d**2 - d - 5. Let j be 38 + -34 - 1/((-2)/(-8)). Give o(j).
-5
Suppose -3*n + 1 = -8. Let d(h) = h + 2 - 4 + n. What is d(-6)?
-5
Suppose 0*v + 2*v = 0. Let c(z) = -3*z**3 - 3*z**2 - 2*z + 12. Let g(f) = f**3 + f**2 + f - 1. Let d(a) = c(a) + 2*g(a). Determine d(v).
10
Let h(g) be the second derivative of -g**8/6720 + g**7/420 + g**5/24 + g**4/2 - 6*g. Let i(k) be the third derivative of h(k). Give i(6).
5
Let p = 6 - -2. Let u be 2/p - (-35)/4. Suppose 0 = 3*s + 24 - u. Let k(m) = -m**2 - 5*m - 4. Give k(s).
-4
Let o be 33/(-12) + 1/(-4). Let n(b) = -4*b**2 + 3*b - b**3 + 9*b**2 - 2 - 6*b**2. Calculate n(o).
7
Let x(u) be the first derivative of -3 - 1/4*u**4 - 7/3*u**3 - u - 7/2*u**2. Calculate x(-6).
5
Let k = -2 - -6. Let f(b) be the third derivative of 1/6*b**k - 1/120*b**6 + 0 + 2*b**2 + 0*b + 1/2*b**3 + 1/15*b**5. Calculate f(5).
-2
Let r(o) = -1. Let z(j) = j + 2. Let m(q) = 9*r(q) + 4*z(q). Give m(2).
7
Let a(q) be the second derivative of -q**4/12 + 5*q**3/6 - 3*q**2 - 15*q. What is a(4)?
-2
Let a be (2/10)/(13/(-65)). Let c(n) = -2*n**2 + n + 1. Give c(a).
-2
Let k = 0 - -3. Let t(j) = 15 + 0*j**3 - 16 + j**k - j. Calculate t(-2).
-7
Let q(h) = h. Let y(b) = -6*b - 7. Let m(k) = 5*q(k) + y(k). What is m(-5)?
-2
Suppose b + 0*y - y = 0, 12 = 4*b + 2*y. Let u(q) be the third derivative of -q**4/12 + q**3/3 + 4*q**2. Calculate u(b).
-2
Let c(l) = -l - 3. Suppose -5*a + 3*i + 62 = 0, -3*i = 2*a - i - 28. Suppose n + 2*w - 23 = 4*n, -5*n = 3*w + a. What is c(n)?
2
Let c(v) = 6*v**3 + 4*v**2 - 4*v + 4. Let f(o) = o**3 - o + 1. Let b(z) = -c(z) + 5*f(z). Determine b(-3).
-5
Let r = -4 - -11. Let i(v) = -v - 3 - r + 4. Let m be (-3)/(-15) - 26/5. What is i(m)?
-1
Let h(d) = d - 2. Let p(y) = 6*y**3 + 3*y**2 - 3 - 3*y**3 - 4*y**3. Let q be p(3). Let a be 3 + -2 + (1 - q). What is h(a)?
3
Let s(j) = -2*j - 6. Let c be s(-4). Let r(w) = 8*w - 1. Give r(c).
15
Let x(o) = 4*o**3 + 6*o**2 - o. Let t(d) = 5*d**3 + 7*d**2 - 2*d. Let u(y) = 3*t(y) - 4*x(y). Give u(-3).
6
Let x(p) = -p**3 + p**2 + 3*p - 1. Let m = -132 - -135. Calculate x(m).
-10
Let q(k) = -k. Suppose -3*u - 106 = 3*z - 8*z, 0 = u + 2. Let h = z - 15. Give q(h).
-5
Let s(l) be the second derivative of -l**6/360 + l**5/15 - l**4/4 + l**3/2 + 3*l. Let t(o) be the second derivative of s(o). What is t(6)?
6
Suppose 3*g + 24 = -3*x, -x + g = -g + 2. Let y = x + 9. Let r(i) = -4*i**2 - y*i + i - i - i**3. Determine r(-2).
-2
Let z(f) = -f**3 - 3*f**2 + 7*f + 5. Let q = -19 + 15. Calculate z(q).
-7
Let l(m) = 3*m**2 - 9*m + 7. Let q(o) = o**2 - 4*o + 3. Let f(t) = -4*l(t) + 9*q(t). Let c = 6 + -7. What is f(c)?
-4
Let b(f) = 4 + 4 - 16 + 5 - f. Suppose -15 = -3*w, 0 = -2*m - 0*w - w - 7. Calculate b(m).
3
Let j = 18 - 12. Let l(b) = -b**3 + 6*b**2 + 2*b - 7. Determine l(j).
5
Let j(y) = -1. Let g(b) = b**3 + b**2 - 3*b + 2. Let q(k) = -g(k) - 4*j(k). Give q(-2).
0
Let w(r) = 2*r + 2. Suppose 0 - 6 = 2*b. Calculate w(b).
-4
Let u(h) = -h**3 - 4*h**2 - 4*h - 4. Let f = -5 - -8. Suppose -5*m = 5*a + 30, -m = -f*m - 4*a - 18. Give u(m).
-1
Let z(m) = -m**3 + 11*m**2 - 9*m - 9. Let u be z(10). Suppose -2*c = c - 6. Let r(f) = -u - 3*f - 4*f**2 - f + 3*f + 11*f**c. What is r(-1)?
7
Let o(g) = -g**2 - g + 1. Let n be 5*(0 + 6/15). Suppose n*p - 3 = p. Suppose -11 = -p*s + 4*a, -3*a = -s + 4*s + 3. What is o(s)?
-1
Let b(r) = r**3 + 2*r**2 - 2*r - 2. Let w(n) be the first derivative of 2*n**2 - 2*n + 2 + 1/3*n**3. Let y be w(-4). Determine b(y).
2
Suppose 4*c - h - 9 = 6, 0 = -2*c + 4*h + 18. Let u(x) be the first derivative of -4/3*x**c + x - 1 + x**2. What is u(-1)?
-5
Let v(o) = -4 - o**2 - 66*o + 63*o + 3. Calculate v(-3).
-1
Let z(i) = i + 11. Let r = -40 - -74. Suppose 4*c - r = 5*n, 2*c = -3*n - 3*c - 13. Determine z(n).
5
Let h(b) = -3*b**3 + 1. Suppose -5 - 51 = -7*v. Let k be 2*(4 + (-36)/v). What is h(k)?
4
Let u(k) = k. Let o(d) = -4*d - 2. Let t be -1*2*(-1)/2. Let g(l) = t*o(l) + 2*u(l). What is g(-4)?
6
Let c(k) = -2*k**3 + 58*k**2 - k + 34. Let w be c(29). Let t(u) = -7 + 2*u - 6*u + 2*u + u**2. Calculate t(w).
8
Let q(l) = l + 3. Let f = 98 - 105. Calculate q(f).
-4
Suppose 2*u - 12 = -0*u. Suppose 9 = 2*c + k, -u*c + 5*c + 3*k = -1. Let h(g) = -c*g + 3*g + 2*g - 1. What is h(-3)?
-4
Let a(w) = -6*w**2 - 16*w + 9. Let c(g) = g**2 + 3*g - 2. Let y(p) = 2*a(p) + 11*c(p). Determine y(3).
-10
Let g(t) = -6*t - 4*t + 2*t + 3 + 5*t. What is g(4)?
-9
Let q = -2 + 1. Let t(k) be the second derivative of 0 + 3/10*k**5 + 1/3*k**3 + 1/6*k**4 + 1/2*k**2 - 3*k. Determine t(q).
-5
Let d = -3 - -5. Let k(y) = -1 - d + y + 1 + 0. Determine k(5).
3
Let m(q) = 16*q. Suppose 0 = -b + 2*b - 1. Calculate m(b).
16
Let i(g) = -g**3 + 3*g**2 - 2*g + 1. Let f(h) = h**3 - 3*h**2 + 2*h - 1. Let u(t) = 2 - 1 - 3*t + 8*t. Let a be u(1). Let n(w) = a*i(w) + 5*f(w). Give n(3).
-5
Let v = 26 - 24. Suppose 4*q = -8, -4*q + 6*q + 6 = -v*z. Let b(h) = -h**3 - 2*h**2. What is b(z)?
-1
Let s be (32/6)/(-4)*-3. Suppose -s = x - 5. Let n(y) be the second derivative of -y**5/10 - y**3/6 + y. What is n(x)?
-3
Let s(k) = -4*k**3 + 5*k**2. Let a(c) = -11*c**3 + 15*c**2 + 1. Let b(x) = 3*a(x) - 8*s(x). Suppose 2*v + 17 = 5*r, 2*r - 4*v - 4 = -2*r. Give b(r).
3
Let q(m) be the first derivative of -m**4/4 + 4*m**3/3 + 3*m**2 + 3*m + 7. Determine q(5).
8
Suppose 4*m + m = 10. Suppose 0 = p + m*p + 90. Let l be (p/(-5))/((-6)/4). Let w(s) = s**3 + 5*s**2 + 4*s - 4. What is w(l)?
-4
Let g(w) be the third derivative of -w**7/840 + w**6/360 - w**5/60 - w**4/24 - w**3/2 - 2*w**2. Let i(y) be the first derivative of g(y). Determine i(2).
-9
Let b(h) be the first derivative of -h**4/4 + 2*h**3/3 + h**2 + 4*h - 4. What is b(3)?
1
Let o(k) = -k**3 - 5*k**2 - 2*k - 2. Let q be (-26)/(-10) - (-6)/(-10). Suppose 8 = -3*y + q*y - 2*t, 2*t = -6. Determine o(y).
-10
Let m(v) be the third derivative of -v**6/120 - v**5/10 - v**4/24 - 2*v**2. Determine m(-6).
6
Let p(i) = -i**2 - i. Let g be p(2). Let h = 9 + g. Let f = 1 - h. Let x(b) = 2*b - 1. Determine x(f).
-5
Let h(d) = -4*d**2 + d + 7. Let v(j) = 3*j**2 - j - 7. Let x(n) = n - 3. Let s be x(6). Let u(o) = s*v(o) + 2*h(o). Give u(0).
-7
Let t(b) = -2*b - 1. Let y(v) = -v - 5. Let c be y(-4). Calculate t(c).
1
Let g(j) = j**2 - 3*j - 6. Let i = -8 + 7. Let n = 4 - i. Determine g(n).
4
Let b(q) = q**2 - 4*q + 2. Let f be -2*((-3 - 0) + 1). Let a = f - 0. Determine b(a).
2
Let c = 4 + -4. Let g be (-1)/(c - 3/3). Let r(a) = -4*a**2 + 1. Give r(g).
-3
Let y(k) = k + 5. Let d be (2/5 + 0)*-10. Let s be y(d). Let a(w) = -4*w**2 - 1 - s - 6*w + 4*w**3 - 3*w**3. Calculate a(5).
-7
Suppose -1 = -3*c + 8. Suppose 12 = c*w + 3. Let p = 1 + w. Let s(r) = -r - 1. What is s(p)?
-5
Let c = 36 - 41. Let f(w) = -w**3 - 6*w**2 - 2*w + 7. Calculate f(c).
-8
Let y(r) = r - 1. Let w be y(2). Let h(i) = 3*i**3 - i + 1. Let x be h(1). Let o(j) = -4*j - 8*j**x + 0*j - 1 + 4*j + 2*j. Determine o(w).
-7
Let s(h) = h**2 - 8*h + 6. Let o be s(7). Let f be (-1 - 0)/(o/5). Let v(b) = -b**3 + 5*b**2 - 2. Determine v(f).
-2
Let y(o) be the first derivative of o**2 - 4*o + 30. Determine y(8).
12
Let l(d) = 4*d - 2. Let g be l(2). Let s(m) = -m + 0*m**2 - 4 + m**2 + g - m**3. What is s(2)?
-4
Suppose 2*d - 31 = 9. Suppose 3*t - 4*t = 3*x + d, x = t. Let j(w) = -w**3 - 4*w**2 + 6*w. Give j(x).
-5
Suppose 5*m = 16*m. Let z(i) = -i**3 - i**2 - 1. Give z(m).
-1
Let i(a) = 3*a - 5. Suppose -y - 1 + 2 = 0, -3*d = -y - 14. Calculate i(d).
10
Let y(h) = 0*h**2 + 0*h**2 - 2*h - 14*h**3 + 1 + 15*h**3. Let f(a) = -a**2 - 6*a + 1. Let l be f(-6). Give y(l).
0
Let b(z) = z**2 + 3*z - 2. Let t = 62 - 60. Give b(t).
8
Let o(g) = 10*g**2 - 2*g + 1. Let k(w) = 10*w**2 - 2*w + 1. Let m(l) = 3*k(l) - 4*o(l). Let s be 3/(-9)*(-2 - 2/2). Calculate m(s).
-9
Let